 140.
28
Calculate the greatest common factor of 1883995 and 18565.
235
Calculate the greatest common divisor of 18701259 and 179568.
3741
What is the highest common divisor of 164 and 1144252?
4
Calculate the greatest common divisor of 1421 and 490883.
29
Calculate the greatest common factor of 2631 and 8781.
3
Calculate the greatest common factor of 23081415 and 105.
105
What is the greatest common factor of 60320386 and 136?
34
Calculate the highest common divisor of 123497350 and 595.
85
What is the greatest common factor of 1209360 and 28560?
240
Calculate the highest common divisor of 3606 and 5889800.
1202
Calculate the highest common factor of 1555 and 561924441.
311
What is the greatest common divisor of 2228001 and 93?
93
What is the greatest common divisor of 386 and 1702159447?
193
What is the greatest common divisor of 2920883 and 9275?
371
Calculate the highest common factor of 357486944 and 174.
58
What is the highest common factor of 4557 and 593439?
147
Calculate the greatest common factor of 86450 and 2015.
65
Calculate the greatest common divisor of 4357270 and 281580.
3610
Calculate the highest common divisor of 2173577 and 1197.
7
What is the highest common divisor of 3324 and 184?
4
What is the highest common factor of 10 and 938496330?
10
What is the highest common divisor of 653760 and 2385?
45
Calculate the greatest common factor of 21 and 701058015.
21
What is the highest common factor of 24 and 8004968?
8
Calculate the highest common divisor of 6890 and 4755902.
106
What is the greatest common factor of 37166004 and 117?
9
What is the greatest common divisor of 4031720 and 738584?
6776
What is the greatest common factor of 8724807 and 3710?
371
Calculate the greatest common divisor of 589338745 and 85.
85
Calculate the highest common factor of 448513 and 8047.
13
Calculate the greatest common divisor of 2595 and 12478490.
865
Calculate the highest common factor of 20606380 and 680.
340
Calculate the highest common factor of 3982438 and 38.
38
What is the greatest common divisor of 38 and 17463394?
38
Calculate the greatest common factor of 15 and 787947435.
15
What is the highest common divisor of 970 and 3508296?
194
What is the highest common factor of 5313070 and 35?
35
Calculate the highest common divisor of 497 and 60473.
7
Calculate the highest common divisor of 325 and 963298375.
325
What is the greatest common divisor of 672 and 1397424?
336
What is the greatest common divisor of 24863304 and 1186?
1186
What is the greatest common factor of 25375 and 1193350?
725
Calculate the highest common divisor of 35062227 and 5508.
81
What is the highest common factor of 69 and 973431?
3
What is the highest common factor of 85306 and 123297278?
5018
What is the highest common factor of 314768 and 148688?
16
Calculate the highest common divisor of 496 and 7563752.
248
What is the greatest common divisor of 1354675 and 336?
7
Calculate the greatest common divisor of 116530 and 16125.
215
What is the highest common divisor of 1428 and 1075131?
51
Calculate the greatest common factor of 357312 and 32064.
192
What is the highest common divisor of 483 and 266427?
21
Calculate the highest common factor of 14798965 and 5.
5
What is the greatest common factor of 160700 and 1488700?
100
What is the highest common factor of 1194791 and 18031?
949
What is the highest common divisor of 12337784 and 255?
17
Calculate the highest common factor of 694540 and 5535.
205
Calculate the highest common factor of 4159550 and 562350.
1150
What is the highest common factor of 338 and 1704014?
26
What is the greatest common divisor of 48327521 and 242?
121
Calculate the highest common divisor of 4986555 and 315.
105
What is the greatest common factor of 2076773 and 100122?
1517
Calculate the greatest common factor of 12636682 and 316.
158
What is the highest common divisor of 12732 and 33429988?
4244
Calculate the highest common divisor of 52275 and 389090.
205
Calculate the greatest common divisor of 540 and 3346065.
45
Calculate the greatest common divisor of 2741503 and 22383.
829
Calculate the greatest common factor of 126449645 and 490.
245
Calculate the greatest common factor of 12 and 286538754.
6
What is the highest common factor of 63463797 and 173088?
5409
Calculate the highest common factor of 235 and 455355.
5
What is the highest common factor of 15223 and 30906203?
1171
What is the greatest common factor of 75 and 7001265?
15
What is the highest common factor of 15615758 and 70417?
1051
What is the greatest common divisor of 8828802 and 27?
9
What is the greatest common factor of 379104 and 3179?
11
What is the highest common divisor of 3050 and 8255740?
610
Calculate the highest common factor of 694 and 30987794.
694
Calculate the greatest common divisor of 202029311 and 11.
11
Calculate the greatest common divisor of 19500094 and 4.
2
Calculate the greatest common divisor of 951516 and 16128.
36
What is the greatest common factor of 7807484 and 4?
4
What is the highest common factor of 2536 and 30680?
8
Calculate the greatest common divisor of 88 and 331908632.
88
What is the highest common divisor of 431220 and 6668?
4
Calculate the highest common factor of 369024 and 53909.
31
What is the highest common factor of 1123602136 and 457?
457
What is the greatest common factor of 60 and 161964?
12
What is the greatest common divisor of 3610 and 60690?
10
Calculate the highest common divisor of 581 and 244664.
7
Calculate the highest common divisor of 2414576 and 6096.
16
Calculate the greatest common factor of 26656831 and 233.
233
What is the highest common divisor of 221 and 210748252?
221
Calculate the greatest common divisor of 1416754 and 17296.
46
What is the greatest common divisor of 743481 and 207?
9
What is the greatest common factor of 9399 and 6409?
13
What is the highest common factor of 66 and 47996796?
6
What is the greatest common divisor of 5038 and 72578?
22
What is the greatest common divisor of 110041068 and 4?
4
Calculate the highest common divisor of 9850 and 167725.
25
What is the highest common factor of 5391 and 1887525?
9
What is the highest common factor of 490 and 37254014?
98
What is the greatest common factor of 22259731 and 26?
13
Calculate the greatest common factor of 15855 and 660975.
105
Calculate the greatest common divisor of 3708 and 191285832.
1236
Calculate the greatest common factor of 18 and 11934452.
2
What is the highest common factor of 70 and 1950802?
14
What is the greatest common divisor of 3379499 and 43?
43
Calculate the greatest common divisor of 459208 and 1991156.
3764
Calculate the greatest common factor of 506596 and 14924.
164
Calculate the highest common divisor of 58354876 and 4247.
137
What is the highest common divisor of 256451 and 1261?
13
What is the greatest common factor of 193632 and 27288?
24
Calculate the highest common factor of 481731 and 2099973.
4677
What is the greatest common factor of 194097 and 70311?
69
Calculate the highest common factor of 19210 and 1995580.
1130
What is the greatest common divisor of 204764 and 1577548?
2884
Calculate the greatest common divisor of 35 and 6140790.
5
What is the greatest common factor of 2241759 and 351?
39
Calculate the highest common divisor of 111600 and 77655.
465
Calculate the greatest common divisor of 154 and 763928.
22
What is the highest common divisor of 4228659 and 38?
19
What is the greatest common factor of 96333 and 42680247?
591
Calculate the highest common factor of 42476095 and 1310.
655
What is the highest common factor of 515200 and 4336000?
3200
Calculate the highest common factor of 133739684 and 9452.
556
Calculate the greatest common factor of 536 and 31555526.
134
What is the highest common factor of 148960 and 562324?
3724
What is the highest common factor of 44278022 and 1474?
134
What is the highest common divisor of 3360729 and 130782?
921
What is the highest common factor of 10531092 and 74052?
2244
Calculate the greatest common divisor of 344805 and 65.
5
What is the highest common divisor of 84 and 667047234?
42
Calculate the highest common factor of 48 and 123312264.
24
What is the highest common divisor of 24 and 9775140?
12
What is the greatest common divisor of 4100 and 1082564?
164
C